at are the prime factors of a(o)?
3
Let y(c) = c**2 + 3*c - 13. List the prime factors of y(3).
5
Let u = 24 - 40. Let h = -43 - -68. Let p = h + u. List the prime factors of p.
3
Let h = 132 + -55. Suppose 5*r = r + 3*x - h, 3*r + 4*x = -39. Let n = r + 31. List the prime factors of n.
2, 7
Suppose 51 = 4*o + 11. Suppose 23 = 3*j - 2*l, -30 = 5*l - 10. Let c = o - j. What are the prime factors of c?
5
Let o(y) = -y + 2. Let x be o(-3). Let h = x - -11. What are the prime factors of h?
2
Suppose -5*v = -5*f + 101 - 36, v = 5*f - 85. Let c be (-32)/(-6)*f/4. List the prime factors of ((-5)/(-10))/(1/c).
2, 3
Let s(w) = 11*w**3 - 1. List the prime factors of s(3).
2, 37
Suppose -b = -2*b - 4. Let h be (-55)/b - 12/16. Suppose 7 + h = 5*g. List the prime factors of g.
2
Let m(s) = s**2 - 7*s + 8. Let c be m(6). Suppose -2*y + 5*k + 34 = 0, c*k + 3*k + 78 = 4*y. List the prime factors of y.
2, 11
Suppose -3*j = -0*j - 36. List the prime factors of 4/j + 123/9.
2, 7
List the prime factors of 572/14 - (-1)/7.
41
Let h = 53 - -69. List the prime factors of h.
2, 61
Let m(z) = z**3 + 9*z**2 - 16*z + 1. Let l be m(-11). Let x = l - -114. What are the prime factors of x?
7
Let z(q) = q**2 + q - 22. List the prime factors of z(-10).
2, 17
Let a be 1/2*(3 + -3). Let l be (a - -20)*(2 - 1). Suppose 0 = -o + l - 4. What are the prime factors of o?
2
Suppose 0 = -4*h + 37 - 5. Let m = h + -6. What are the prime factors of m?
2
Suppose 0 = -10*o + 1048 + 62. What are the prime factors of o?
3, 37
Suppose m + 20 = -3*m. Let c = m + 6. List the prime factors of (c + 0)*(-12)/(-6).
2
Let l(z) = 2*z**3 - 6*z**2 + 2*z + 9. What are the prime factors of l(5)?
7, 17
List the prime factors of 520/72 - 4/18.
7
Let l be (-4)/(-16) + (-302)/(-8). Suppose -4*h = -l - 14. What are the prime factors of h?
13
Suppose 4*j - 14 = -6. Let f = -1 + 2. What are the prime factors of f - (1*-4)/j?
3
Let r = -36 + 29. Let n = 9 + -20. Let p = r - n. What are the prime factors of p?
2
Suppose 4*d - 5*t - 353 = -1, 4*d - 356 = 4*t. What are the prime factors of d?
3, 31
Let n(w) = -112*w**3 + w**2. What are the prime factors of n(-1)?
113
Suppose 0*k = k + 18. Let o = k - -36. What are the prime factors of o?
2, 3
List the prime factors of -1 - (62/(-4))/(3/24).
3, 41
Let b = -20 - -99. What are the prime factors of b?
79
Let u be 32/(-12)*(-3)/2. What are the prime factors of -3 - (3 - u) - -30?
2, 7
List the prime factors of (9/(-6))/((-1)/6).
3
Suppose -231 = -2*x - x + 2*k, 0 = -3*x + 3*k + 228. List the prime factors of x.
79
Let v be 18/5 + 2/5. Let m(p) = p**3 - 3*p**2 - 4*p + 3. Let q be m(v). List the prime factors of -1 + (0 + 12)/q.
3
Let o(z) = 4*z**2 - 2*z + 1. Suppose -3*x - 2*x + 5 = 0. Let y be o(x). Suppose -27 = -y*i + 33. List the prime factors of i.
2, 5
Suppose 2*l - 6*l + 16 = 0. List the prime factors of 0 + 13 + l/2.
3, 5
Suppose -97 - 19 = -4*k. List the prime factors of k.
29
Suppose 3*z - 6*z = -27. Suppose -i = -4*j + 14, z*j = 4*j + 20. List the prime factors of i.
2
List the prime factors of 72/(-42)*(-14)/1.
2, 3
Suppose -12*l - 87 = -603. What are the prime factors of l?
43
Let n(b) = -b - 6. Let g be n(-5). What are the prime factors of (16 - 1)/3 - g?
2, 3
Let c = 3 - 3. Suppose 2*q - 3*q + 64 = c. Suppose 4*y + 24 = q. What are the prime factors of y?
2, 5
Let p = 2 - 0. Suppose 2*i - t - 13 = 0, 5*t - p = -i + t. Let c = i - -9. List the prime factors of c.
3, 5
List the prime factors of (-2)/(-6)*(-2 - -23).
7
Suppose l - 32 = -l. Let a = -9 + l. List the prime factors of a.
7
Suppose -3*t + 10 = -t. List the prime factors of (-1 + t)*(-9)/(-3).
2, 3
Let b be -2 + 1 + 3 + 3. Let k(j) = j**3 - 4*j**2 - 4*j + 11. What are the prime factors of k(b)?
2
Suppose -y = -5*z + 139, 3*z + y - 88 = -3*y. Suppose 0 = 4*v - 3*m - 116, -v - 2*m + 3*m = -z. What are the prime factors of v?
2
Let d = -24 - -15. Let q(x) = -2*x + 17. List the prime factors of q(d).
5, 7
Let n be 2 - 18/(0 + -3). Let d = n - 6. Suppose -d*o = -8, 0*z + 3*o - 19 = -z. What are the prime factors of z?
7
Let l = -8 + 15. Suppose 3*r + 1 = l, -4*r + 33 = 5*w. Suppose -19 - 6 = -w*i. List the prime factors of i.
5
Suppose -3*v + 1 + 20 = 0. Let s(r) = -r**3 + 8*r**2 - 7*r + 3. Let p be s(v). Suppose j + p + 2 = -2*h, 4*j - 2*h - 20 = 0. What are the prime factors of j?
3
What are the prime factors of 1*8/2 - (-315)/15?
5
Let b = -8 + 13. Suppose -2*t - 1 = u, -2*t = -b*u - 0*u - 29. Suppose -6 = -t*d + 6. List the prime factors of d.
2, 3
Suppose -2*i = -p + 25, 2*p = -3*p - 5*i + 65. List the prime factors of p.
17
Let i = 4 - -2. Suppose -d = -i - 33. What are the prime factors of d?
3, 13
Let f(v) be the second derivative of 3*v**5/20 + v**4/6 - v**3/6 - 3*v. Let j be f(1). Suppose -u + 12 = 4*p - 4, -j*p = 5*u - 32. List the prime factors of p.
3
Suppose -28 - 157 = -5*w. What are the prime factors of w?
37
What are the prime factors of 6/(24/20) - -45?
2, 5
Suppose 2*m - 6*m + 240 = 0. What are the prime factors of m?
2, 3, 5
Suppose 878 = 4*r - 2*b + 16, -2*b = -10. List the prime factors of r.
2, 109
Let d(y) = -y. Let a(n) = -21*n. Let u(w) = -a(w) + 18*d(w). Let i be -4*(0 + (-6)/8). What are the prime factors of u(i)?
3
Suppose 23 = 4*j - 3*w, -3*j + 8*w - 3*w = -20. Suppose -4*v = 2*a + 12, j*v + 13 + 20 = 2*a. What are the prime factors of (6/(-9))/(a/(-54))?
3
Let v(i) = -i**2 - 6*i + 2. Let a be 4/6*-3*3. Let p be v(a). Suppose 0 = -2*q + 3*k + p*k + 26, 0 = -q - 2*k - 5. List the prime factors of q.
3
Let d(j) = 4*j + 9. List the prime factors of d(7).
37
What are the prime factors of 26*(4/8 + 0)?
13
Suppose -2*q + 22 = 4. List the prime factors of q.
3
Let x = -9 + 16. Let a = x - -14. List the prime factors of a.
3, 7
Let i = 14 + -21. Let n = i + 9. What are the prime factors of n?
2
Let j(k) = 3*k - 1. Let b be j(1). Suppose 25 = 7*u - b*u. What are the prime factors of u?
5
Let l(p) = -16*p - 7. List the prime factors of l(-5).
73
Suppose 4*d = -d - 20. Suppose -4*a - 2*q + 3*q = -23, -2*q - 16 = -2*a. List the prime factors of ((-2)/d)/(a/30).
3
Let k = 5 - 15. Let u(t) = 2*t + 7. Let i be u(k). Let h = i - -20. List the prime factors of h.
7
Suppose 0 = -3*p + 13*p - 280. List the prime factors of p.
2, 7
Let w = 1 + 8. Let x be (3/2)/(21/28). Let q = w - x. What are the prime factors of q?
7
Let j be (-21)/15 - 2/(-5). Let m = 3 + j. List the prime factors of m.
2
Suppose -2*z + 60 = 3*z. What are the prime factors of z?
2, 3
Let x be (-3 + 7)*(-2)/(-4). Suppose -u = -4*k - 19, 0 = -2*u - x*k - 2 - 0. List the prime factors of u.
3
Let f = -325 - -469. List the prime factors of f.
2, 3
Suppose -5*u - 3*g = -16, -4*u - 5*g + 20 - 2 = 0. Let w(l) = -l - 1 + 3 + u. List the prime factors of w(-4).
2
Let w(b) = -b**3 - 2*b**2 + b - 2. Let r be w(-3). Suppose -40 = -0*i - r*i. What are the prime factors of 776/40 + (-4)/i?
19
Let x = 56 + -11. What are the prime factors of x?
3, 5
Let k be 4 - -25 - (0 + 0). Let c(x) = -27*x. Let n be c(-1). Suppose -n - k = -4*l. What are the prime factors of l?
2, 7
Let q = 14 - 12. Suppose r = -5*i + 41, q*r - 40 = -2*i + 6*i. List the prime factors of r.
2, 13
What are the prime factors of -5 + 52 - (0 + 2)?
3, 5
Let i(m) = m**2 + m. Let u be i(-1). Suppose u = y - 4*y + 69. List the prime factors of y.
23
Suppose -2*r = 4*y - 28, 2*y + 0*y = r + 6. Suppose y*o + 4*k - 11 = 2*k, 5*o - 4*k = 23. What are the prime factors of o?
3
Suppose 5*q - 116 = -3*a, -4*a - q + 1 = -131. What are the prime factors of a?
2
Let v(l) = 191*l + 2. What are the prime factors of v(1)?
193
Let g = 38 + -14. Let l = g + -6. What are the prime factors of l?
2, 3
Suppose 0*q + 36 = 4*q. Let p(g) = 15 + 5 - g + 0*g. What are the prime factors of p(q)?
11
List the prime factors of 0 - (2 + 260/(-5)).
2, 5
Let p be (56/(-21))/((-2)/42). Let w = p + -34. List the prime factors of w.
2, 11
Let i be -2*(-2 + (2 - -1)). Let g(z) = 4*z**2 - z + 1. What are the prime factors of g(i)?
19
Suppose 4*r + h = -2*h + 21, -5*r - h = -40. Suppose o + r = 2*o. What are the prime factors of o?
3
Suppose 85 = -3*u + 202. List the prime factors of u.
3, 13
Let f(t) = t**3 - 8*t**2 - 11*t + 10. Let k be f(9). Let v = k - -19. What are the prime factors of v?
11
Suppose 